[INFO] cloning repository https://github.com/CodeGradox/Rust-Sense-Hat
[INFO] running `Command { std: "git" "-c" "credential.helper=" "-c" "credential.helper=/workspace/cargo-home/bin/git-credential-null" "clone" "--bare" "https://github.com/CodeGradox/Rust-Sense-Hat" "/workspace/cache/git-repos/https%3A%2F%2Fgithub.com%2FCodeGradox%2FRust-Sense-Hat", kill_on_drop: false }`
[INFO] [stderr] Cloning into bare repository '/workspace/cache/git-repos/https%3A%2F%2Fgithub.com%2FCodeGradox%2FRust-Sense-Hat'...
[INFO] running `Command { std: "git" "rev-parse" "HEAD", kill_on_drop: false }`
[INFO] [stdout] 7357bd2e3c08db1bc90085846e39bc48479dba95
[INFO] building CodeGradox/Rust-Sense-Hat against master#881c1ac408d93bb7adaa3a51dabab9266e82eee8 for issue-85264
[INFO] running `Command { std: "git" "clone" "/workspace/cache/git-repos/https%3A%2F%2Fgithub.com%2FCodeGradox%2FRust-Sense-Hat" "/workspace/builds/worker-4/source", kill_on_drop: false }`
[INFO] [stderr] Cloning into '/workspace/builds/worker-4/source'...
[INFO] [stderr] done.
[INFO] validating manifest of git repo https://github.com/CodeGradox/Rust-Sense-Hat on toolchain 881c1ac408d93bb7adaa3a51dabab9266e82eee8
[INFO] running `Command { std: "/workspace/cargo-home/bin/cargo" "+881c1ac408d93bb7adaa3a51dabab9266e82eee8" "metadata" "--manifest-path" "Cargo.toml" "--no-deps", kill_on_drop: false }`
[INFO] started tweaking git repo https://github.com/CodeGradox/Rust-Sense-Hat
[INFO] finished tweaking git repo https://github.com/CodeGradox/Rust-Sense-Hat
[INFO] tweaked toml for git repo https://github.com/CodeGradox/Rust-Sense-Hat written to /workspace/builds/worker-4/source/Cargo.toml
[INFO] crate git repo https://github.com/CodeGradox/Rust-Sense-Hat already has a lockfile, it will not be regenerated
[INFO] running `Command { std: "/workspace/cargo-home/bin/cargo" "+881c1ac408d93bb7adaa3a51dabab9266e82eee8" "fetch" "--manifest-path" "Cargo.toml", kill_on_drop: false }`
[INFO] [stderr]  Downloading crates ...
[INFO] [stderr]   Downloaded memmap v0.3.0
[INFO] [stderr]   Downloaded framebuffer v0.1.4
[INFO] running `Command { std: "docker" "create" "-v" "/var/lib/crater-agent-workspace/builds/worker-4/target:/opt/rustwide/target:rw,Z" "-v" "/var/lib/crater-agent-workspace/builds/worker-4/source:/opt/rustwide/workdir:ro,Z" "-v" "/var/lib/crater-agent-workspace/cargo-home:/opt/rustwide/cargo-home:ro,Z" "-v" "/var/lib/crater-agent-workspace/rustup-home:/opt/rustwide/rustup-home:ro,Z" "-e" "SOURCE_DIR=/opt/rustwide/workdir" "-e" "CARGO_TARGET_DIR=/opt/rustwide/target" "-e" "CARGO_HOME=/opt/rustwide/cargo-home" "-e" "RUSTUP_HOME=/opt/rustwide/rustup-home" "-w" "/opt/rustwide/workdir" "-m" "1610612736" "--user" "0:0" "--network" "none" "ghcr.io/rust-lang/crates-build-env/linux@sha256:20528e8c29e4536546f0102ce88568b16ea7538393a33fcca951030f7af10457" "/opt/rustwide/cargo-home/bin/cargo" "+881c1ac408d93bb7adaa3a51dabab9266e82eee8" "metadata" "--no-deps" "--format-version=1", kill_on_drop: false }`
[INFO] [stdout] 31e9329061a20aea563ed57f4aca6c128dbd6b9023e9d38e34becebe09e18808
[INFO] [stderr] WARNING: Your kernel does not support swap limit capabilities or the cgroup is not mounted. Memory limited without swap.
[INFO] running `Command { std: "docker" "start" "-a" "31e9329061a20aea563ed57f4aca6c128dbd6b9023e9d38e34becebe09e18808", kill_on_drop: false }`
[INFO] running `Command { std: "docker" "inspect" "31e9329061a20aea563ed57f4aca6c128dbd6b9023e9d38e34becebe09e18808", kill_on_drop: false }`
[INFO] running `Command { std: "docker" "rm" "-f" "31e9329061a20aea563ed57f4aca6c128dbd6b9023e9d38e34becebe09e18808", kill_on_drop: false }`
[INFO] [stdout] 31e9329061a20aea563ed57f4aca6c128dbd6b9023e9d38e34becebe09e18808
[INFO] running `Command { std: "docker" "create" "-v" "/var/lib/crater-agent-workspace/builds/worker-4/target:/opt/rustwide/target:rw,Z" "-v" "/var/lib/crater-agent-workspace/builds/worker-4/source:/opt/rustwide/workdir:ro,Z" "-v" "/var/lib/crater-agent-workspace/cargo-home:/opt/rustwide/cargo-home:ro,Z" "-v" "/var/lib/crater-agent-workspace/rustup-home:/opt/rustwide/rustup-home:ro,Z" "-e" "SOURCE_DIR=/opt/rustwide/workdir" "-e" "CARGO_TARGET_DIR=/opt/rustwide/target" "-e" "CARGO_INCREMENTAL=0" "-e" "RUST_BACKTRACE=full" "-e" "RUSTFLAGS=--cap-lints=forbid" "-e" "CARGO_HOME=/opt/rustwide/cargo-home" "-e" "RUSTUP_HOME=/opt/rustwide/rustup-home" "-w" "/opt/rustwide/workdir" "-m" "1610612736" "--user" "0:0" "--network" "none" "ghcr.io/rust-lang/crates-build-env/linux@sha256:20528e8c29e4536546f0102ce88568b16ea7538393a33fcca951030f7af10457" "/opt/rustwide/cargo-home/bin/cargo" "+881c1ac408d93bb7adaa3a51dabab9266e82eee8" "build" "--frozen" "--message-format=json", kill_on_drop: false }`
[INFO] [stderr] WARNING: Your kernel does not support swap limit capabilities or the cgroup is not mounted. Memory limited without swap.
[INFO] [stdout] 69f355e978fa802c4e809b6022b11c7cef8ed7fca3f9bf0af6c4f8da5c1b0a09
[INFO] running `Command { std: "docker" "start" "-a" "69f355e978fa802c4e809b6022b11c7cef8ed7fca3f9bf0af6c4f8da5c1b0a09", kill_on_drop: false }`
[INFO] [stderr]    Compiling winapi-build v0.1.1
[INFO] [stderr]    Compiling winapi v0.2.8
[INFO] [stderr]    Compiling libc v0.2.17
[INFO] [stderr]    Compiling glob v0.2.11
[INFO] [stderr]    Compiling kernel32-sys v0.2.2
[INFO] [stderr]    Compiling fs2 v0.2.5
[INFO] [stderr]    Compiling memmap v0.3.0
[INFO] [stderr]    Compiling framebuffer v0.1.4
[INFO] [stderr]    Compiling rust_sense_hat v0.1.0 (/opt/rustwide/workdir)
[INFO] [stdout] warning: use of deprecated associated function `std::error::Error::description`: use the Display impl or to_string()
[INFO] [stdout]    --> src/lib.rs:121:32
[INFO] [stdout]     |
[INFO] [stdout] 121 |         write!(fmt, "{}", self.description())
[INFO] [stdout]     |                                ^^^^^^^^^^^
[INFO] [stdout]     |
[INFO] [stdout]     = note: `#[warn(deprecated)]` on by default
[INFO] [stdout] 
[INFO] [stdout] 
[INFO] [stdout] warning: variable does not need to be mutable
[INFO] [stdout]   --> src/lib.rs:54:13
[INFO] [stdout]    |
[INFO] [stdout] 54 |         let mut frame = self.get_frame();
[INFO] [stdout]    |             ----^^^^^
[INFO] [stdout]    |             |
[INFO] [stdout]    |             help: remove this `mut`
[INFO] [stdout]    |
[INFO] [stdout]    = note: `#[warn(unused_mut)]` on by default
[INFO] [stdout] 
[INFO] [stdout] 
[INFO] [stdout] warning: variable does not need to be mutable
[INFO] [stdout]   --> src/lib.rs:68:13
[INFO] [stdout]    |
[INFO] [stdout] 68 |         let mut frame = self.get_frame();
[INFO] [stdout]    |             ----^^^^^
[INFO] [stdout]    |             |
[INFO] [stdout]    |             help: remove this `mut`
[INFO] [stdout] 
[INFO] [stdout] 
[INFO] [stdout] warning: variable does not need to be mutable
[INFO] [stdout]   --> src/lib.rs:76:13
[INFO] [stdout]    |
[INFO] [stdout] 76 |         let mut frame = self.get_frame();
[INFO] [stdout]    |             ----^^^^^
[INFO] [stdout]    |             |
[INFO] [stdout]    |             help: remove this `mut`
[INFO] [stdout] 
[INFO] [stdout] 
[INFO] [stdout] warning: 4 warnings emitted
[INFO] [stdout] 
[INFO] [stdout] 
[INFO] [stderr]     Finished dev [unoptimized + debuginfo] target(s) in 3.39s
[INFO] running `Command { std: "docker" "inspect" "69f355e978fa802c4e809b6022b11c7cef8ed7fca3f9bf0af6c4f8da5c1b0a09", kill_on_drop: false }`
[INFO] running `Command { std: "docker" "rm" "-f" "69f355e978fa802c4e809b6022b11c7cef8ed7fca3f9bf0af6c4f8da5c1b0a09", kill_on_drop: false }`
[INFO] [stdout] 69f355e978fa802c4e809b6022b11c7cef8ed7fca3f9bf0af6c4f8da5c1b0a09
[INFO] running `Command { std: "docker" "create" "-v" "/var/lib/crater-agent-workspace/builds/worker-4/target:/opt/rustwide/target:rw,Z" "-v" "/var/lib/crater-agent-workspace/builds/worker-4/source:/opt/rustwide/workdir:ro,Z" "-v" "/var/lib/crater-agent-workspace/cargo-home:/opt/rustwide/cargo-home:ro,Z" "-v" "/var/lib/crater-agent-workspace/rustup-home:/opt/rustwide/rustup-home:ro,Z" "-e" "SOURCE_DIR=/opt/rustwide/workdir" "-e" "CARGO_TARGET_DIR=/opt/rustwide/target" "-e" "CARGO_INCREMENTAL=0" "-e" "RUST_BACKTRACE=full" "-e" "RUSTFLAGS=--cap-lints=forbid" "-e" "CARGO_HOME=/opt/rustwide/cargo-home" "-e" "RUSTUP_HOME=/opt/rustwide/rustup-home" "-w" "/opt/rustwide/workdir" "-m" "1610612736" "--user" "0:0" "--network" "none" "ghcr.io/rust-lang/crates-build-env/linux@sha256:20528e8c29e4536546f0102ce88568b16ea7538393a33fcca951030f7af10457" "/opt/rustwide/cargo-home/bin/cargo" "+881c1ac408d93bb7adaa3a51dabab9266e82eee8" "test" "--frozen" "--no-run" "--message-format=json", kill_on_drop: false }`
[INFO] [stdout] 31a9ee07303fca8c4eb73e05a4870be923e98e062b9a45bfae665cc565ab95d3
[INFO] [stderr] WARNING: Your kernel does not support swap limit capabilities or the cgroup is not mounted. Memory limited without swap.
[INFO] running `Command { std: "docker" "start" "-a" "31a9ee07303fca8c4eb73e05a4870be923e98e062b9a45bfae665cc565ab95d3", kill_on_drop: false }`
[INFO] [stderr]    Compiling rust_sense_hat v0.1.0 (/opt/rustwide/workdir)
[INFO] [stdout] warning: use of deprecated associated function `std::error::Error::description`: use the Display impl or to_string()
[INFO] [stdout]    --> src/lib.rs:121:32
[INFO] [stdout]     |
[INFO] [stdout] 121 |         write!(fmt, "{}", self.description())
[INFO] [stdout]     |                                ^^^^^^^^^^^
[INFO] [stdout]     |
[INFO] [stdout]     = note: `#[warn(deprecated)]` on by default
[INFO] [stdout] 
[INFO] [stdout] 
[INFO] [stdout] warning: variable does not need to be mutable
[INFO] [stdout]   --> src/lib.rs:54:13
[INFO] [stdout]    |
[INFO] [stdout] 54 |         let mut frame = self.get_frame();
[INFO] [stdout]    |             ----^^^^^
[INFO] [stdout]    |             |
[INFO] [stdout]    |             help: remove this `mut`
[INFO] [stdout]    |
[INFO] [stdout]    = note: `#[warn(unused_mut)]` on by default
[INFO] [stdout] 
[INFO] [stdout] 
[INFO] [stdout] warning: variable does not need to be mutable
[INFO] [stdout]   --> src/lib.rs:68:13
[INFO] [stdout]    |
[INFO] [stdout] 68 |         let mut frame = self.get_frame();
[INFO] [stdout]    |             ----^^^^^
[INFO] [stdout]    |             |
[INFO] [stdout]    |             help: remove this `mut`
[INFO] [stdout] 
[INFO] [stdout] 
[INFO] [stdout] warning: variable does not need to be mutable
[INFO] [stdout]   --> src/lib.rs:76:13
[INFO] [stdout]    |
[INFO] [stdout] 76 |         let mut frame = self.get_frame();
[INFO] [stdout]    |             ----^^^^^
[INFO] [stdout]    |             |
[INFO] [stdout]    |             help: remove this `mut`
[INFO] [stdout] 
[INFO] [stdout] 
[INFO] [stdout] warning: 4 warnings emitted
[INFO] [stdout] 
[INFO] [stdout] 
[INFO] [stdout] warning: use of deprecated associated function `std::error::Error::description`: use the Display impl or to_string()
[INFO] [stdout]    --> src/lib.rs:121:32
[INFO] [stdout]     |
[INFO] [stdout] 121 |         write!(fmt, "{}", self.description())
[INFO] [stdout]     |                                ^^^^^^^^^^^
[INFO] [stdout]     |
[INFO] [stdout]     = note: `#[warn(deprecated)]` on by default
[INFO] [stdout] 
[INFO] [stdout] 
[INFO] [stdout] warning: variable does not need to be mutable
[INFO] [stdout]   --> src/lib.rs:54:13
[INFO] [stdout]    |
[INFO] [stdout] 54 |         let mut frame = self.get_frame();
[INFO] [stdout]    |             ----^^^^^
[INFO] [stdout]    |             |
[INFO] [stdout]    |             help: remove this `mut`
[INFO] [stdout]    |
[INFO] [stdout]    = note: `#[warn(unused_mut)]` on by default
[INFO] [stdout] 
[INFO] [stdout] 
[INFO] [stdout] warning: variable does not need to be mutable
[INFO] [stdout]   --> src/lib.rs:68:13
[INFO] [stdout]    |
[INFO] [stdout] 68 |         let mut frame = self.get_frame();
[INFO] [stdout]    |             ----^^^^^
[INFO] [stdout]    |             |
[INFO] [stdout]    |             help: remove this `mut`
[INFO] [stdout] 
[INFO] [stdout] 
[INFO] [stdout] warning: variable does not need to be mutable
[INFO] [stdout]   --> src/lib.rs:76:13
[INFO] [stdout]    |
[INFO] [stdout] 76 |         let mut frame = self.get_frame();
[INFO] [stdout]    |             ----^^^^^
[INFO] [stdout]    |             |
[INFO] [stdout]    |             help: remove this `mut`
[INFO] [stdout] 
[INFO] [stdout] 
[INFO] [stdout] error[E0599]: no method named `draw_pixel` found for struct `LedDisplay` in the current scope
[INFO] [stdout]   --> examples/main.rs:20:21
[INFO] [stdout]    |
[INFO] [stdout] 20 |             display.draw_pixel(i, j, white);
[INFO] [stdout]    |                     ^^^^^^^^^^ method not found in `LedDisplay`
[INFO] [stdout] 
[INFO] [stdout] 
[INFO] [stdout] error[E0599]: no method named `draw_pixel` found for struct `LedDisplay` in the current scope
[INFO] [stdout]   --> examples/main.rs:29:21
[INFO] [stdout]    |
[INFO] [stdout] 29 |             display.draw_pixel(j, i, red);
[INFO] [stdout]    |                     ^^^^^^^^^^ method not found in `LedDisplay`
[INFO] [stdout] 
[INFO] [stdout] 
[INFO] [stdout] error[E0599]: no method named `draw_pixel` found for struct `LedDisplay` in the current scope
[INFO] [stdout]   --> examples/main.rs:38:21
[INFO] [stdout]    |
[INFO] [stdout] 38 |             display.draw_pixel(i, j, blue);
[INFO] [stdout]    |                     ^^^^^^^^^^ method not found in `LedDisplay`
[INFO] [stdout] 
[INFO] [stdout] 
[INFO] [stdout] error[E0599]: no method named `draw_pixel` found for struct `LedDisplay` in the current scope
[INFO] [stdout]   --> examples/main.rs:47:21
[INFO] [stdout]    |
[INFO] [stdout] 47 |             display.draw_pixel(j, i, green);
[INFO] [stdout]    |                     ^^^^^^^^^^ method not found in `LedDisplay`
[INFO] [stdout] 
[INFO] [stdout] 
[INFO] [stdout] error: aborting due to 4 previous errors
[INFO] [stdout] 
[INFO] [stdout] 
[INFO] [stdout] For more information about this error, try `rustc --explain E0599`.
[INFO] [stdout] 
[INFO] [stderr] error: could not compile `rust_sense_hat`
[INFO] [stderr] 
[INFO] [stderr] To learn more, run the command again with --verbose.
[INFO] [stderr] warning: build failed, waiting for other jobs to finish...
[INFO] [stdout] warning: 4 warnings emitted
[INFO] [stdout] 
[INFO] [stdout] 
[INFO] [stderr] error: build failed
[INFO] running `Command { std: "docker" "inspect" "31a9ee07303fca8c4eb73e05a4870be923e98e062b9a45bfae665cc565ab95d3", kill_on_drop: false }`
[INFO] running `Command { std: "docker" "rm" "-f" "31a9ee07303fca8c4eb73e05a4870be923e98e062b9a45bfae665cc565ab95d3", kill_on_drop: false }`
[INFO] [stdout] 31a9ee07303fca8c4eb73e05a4870be923e98e062b9a45bfae665cc565ab95d3
